g) be the third derivative of g**7/840 - g**6/180 - g**5/30 + g**4/24 + g**3/3 + 2*g**2. Let h(i) be the first derivative of s(i). What is h(3)?
-2
Let d(r) = -17*r - 11. Suppose -4*c - 2*s + 3 = -3*c, c = -3*s - 1. Let v(i) = 6*i + 4. Let t(l) = c*v(l) + 4*d(l). Give t(4).
-8
Let b(d) be the second derivative of -d**6/120 - 2*d**5/15 - d**4/24 - d**3 + 47*d**2/2 - d. Let q(r) be the first derivative of b(r). Give q(-8).
2
Let k(o) = o**3 + 13*o**2 + 12*o - 10. Let m(f) = f - 29. Let l be m(17). What is k(l)?
-10
Let i(s) = -2*s**2 + 2 + s**2 + s**2 - s**2 + 4. Determine i(5).
-19
Let w(c) = -55*c - 3*c**2 - 42*c + 2 + 93*c. Determine w(-4).
-30
Let q(o) = 34*o - 4 - 34*o - 8*o. Give q(-3).
20
Let u(p) = p + 31. Let o be u(-11). Let v(r) = o - 33 - r + 10. Determine v(-3).
0
Suppose 0 = 4*k - 10 - 46. Suppose 0 = -4*a + t - k, t = -5*a - 13. Let g(d) = -d - 2. Give g(a).
1
Let j(b) = -b**3 + 941*b**2 + 0*b**3 - b - 468*b**2 + 4 - 476*b**2. Give j(-2).
2
Let g(w) = 3*w**2 + w. Let u be g(-2). Let m be u/15 + 8/(-3). Let d(a) be the first derivative of -a**3 + a**2/2 + 2*a + 2. Give d(m).
-12
Let t(y) = -y**2 - 2*y + 5. Suppose 2*k + 0 + 3 = f, -4*f - 36 = 4*k. Let n be t(k). Let i(o) = o**3 + 4*o**2 + 4*o + 2. Calculate i(n).
-1
Let u be ((-22)/(-10))/((-2)/(-10)). Let t(d) = d**3 - 12*d**2 + 12*d - 12. What is t(u)?
-1
Suppose 0 = 5*t - 3*t - 12. Let n = 13 + -13. Let k(u) = u + 9 + n - 2*u - 3. What is k(t)?
0
Let o(n) = n**3 + 8*n**2 - 6*n + 7. Let q = 736 - 745. Determine o(q).
-20
Let h(m) = -13*m**3 - m**2 - m. Suppose 5*y + 30 = 5*l, -l + 2*y = 2*l - 15. Suppose -l*g = -12, 4*t - 4*g = g - 24. Give h(t).
13
Let p(j) = 14*j**3 - 4*j**2 - 7*j - 5. Let z(k) = -7*k**3 + 2*k**2 + 3*k + 2. Let m(b) = 2*p(b) + 5*z(b). Let l = 2469 + -2470. Calculate m(l).
8
Let k(x) be the second derivative of x**6/360 - 7*x**5/120 - 3*x**4/8 - x**3/2 + 32*x. Let f(j) be the second derivative of k(j). Give f(8).
-1
Let y(c) = -5*c + 1. Let x = -4 + 10. Let s(u) = u. Let p(a) = x*s(a) + y(a). Determine p(4).
5
Let l = 7 - 3. Let q(a) be the first derivative of l - 3*a**2 - 5 + 4*a**2. What is q(-2)?
-4
Suppose -17*r + 2 = -16*r. Let a(b) be the first derivative of b**2 - b - 18. Determine a(r).
3
Suppose 7*h + 4*z = 5*h, 4*h + 36 = 4*z. Let b(a) be the first derivative of a**3/3 + 9*a**2/2 + 9*a - 1. What is b(h)?
-9
Suppose 2*s + 5 = -1. Let m be 3 + (s - -3) - 0. Let q(x) = x - x**2 - m*x + 6 + 3*x. Determine q(0).
6
Let a be (-6 - -5)*(-8)/2. Suppose a*b - 25 = -3*v + 1, 0 = -5*b - 5. Suppose -2*o + 2*d - 10 = 0, 7*o - 2*d = 2*o - v. Let g(f) = f - 9. Calculate g(o).
-9
Let q(x) = 4*x**3 + 2*x**2 - 10*x - 2. Let t(b) = 5*b**3 + b**2 - 11*b - 3. Let d(v) = 6*q(v) - 5*t(v). Let g(h) = -5*h - 119. Let k be g(-25). Give d(k).
9
Let r(s) = s**3 - 11*s**2 - 11*s - 16. Suppose -66*q + 348 = -37*q. What is r(q)?
-4
Let u(z) = 10 + 2*z - 4*z + 6*z. Calculate u(-5).
-10
Let d(z) = 2*z**2 - 23*z + 16. Let r(x) = 10*x**2 - 120*x + 82. Let w(t) = 11*d(t) - 2*r(t). Give w(5).
-3
Let o(k) = k**2 - 3*k + 4. Let q be o(2). Let v(a) = 3*a - 5 - 350*a**3 - 5*a**q + 349*a**3 - 3. Determine v(-6).
10
Let s(m) = -m - 3. Let x(f) = f**3 + f**2 - f - 4. Let r be x(0). Let w be (1*-12)/(r/20). Suppose -w + 56 = 2*j. Calculate s(j).
-1
Let s be (-5 - -6)*-2 - (-3 - 0). Let h(i) = 0*i**2 + 6*i**3 + s + 3*i**2 - 4*i**2 - 3*i**3. Determine h(-1).
-3
Let h(z) = -5*z**2 + 25*z + 21. Let j(l) = 2*l**2 - 12*l - 10. Let q(t) = -t**3 - 7*t**2 - 4*t + 9. Let f be q(-6). Let g(r) = f*h(r) - 7*j(r). Determine g(-6).
-11
Let f(i) = 13*i + 53. Let d(w) = -7*w - 27. Let p(g) = -11*d(g) - 6*f(g). Determine p(0).
-21
Let i(f) = 5*f**2 + f - 1. Let j = 177 + -179. Give i(j).
17
Let r(j) = j**3 - 3*j**2 + 3*j - 2. Let o = -10 + 14. Suppose 3*q = -3, 14 + 0 = o*t - 2*q. Determine r(t).
7
Let f be -21*(34/(-7) - -4). Let o(s) = s - 10. What is o(f)?
8
Let x = -15 + 19. Suppose -14 = -4*p + 2*m, 5*p + 3*m - 27 = -x. Let u(w) = 2*w**2 - 5*w - 1. Determine u(p).
11
Let f(t) be the second derivative of 9*t**3/2 + t**2 - 6*t + 5. Calculate f(-1).
-25
Let v(r) be the third derivative of -r**7/840 + r**6/72 + r**5/15 - 3*r**4/8 - 2*r**3/3 + 8*r**2. Let j(t) be the first derivative of v(t). Determine j(6).
3
Let g = -31 - -37. Let v(m) = 12*m**2 + m - 7 - 30*m**2 + 17*m**2 + 8*m. Calculate v(g).
11
Suppose -10 + 2 = y. Let r be 4/y*(1 - 3). Suppose o + r + 4 = 0. Let w(j) = -j - 9. Give w(o).
-4
Let y(g) be the second derivative of g**3/6 - g**2/2 + 492*g. Suppose 2*f - 1 = 5*o, -2*o + 3 = -3*o - f. Determine y(o).
-2
Let j(q) be the second derivative of q**4/12 + 691*q. Suppose -5*y - 11 - 4 = 0. Give j(y).
9
Let v be ((5 + -5)/(-4))/(-4). Let y(a) be the second derivative of v + 0*a**2 + 5*a - a**3 + 1/12*a**4. Determine y(6).
0
Suppose n - 44 = -41. Suppose n = -6*u + 9. Let d(p) = 4*p**2 + p. Calculate d(u).
5
Suppose 3*o = -o + 8. Let h(x) = -o + 4 - 4*x**2 + 7*x + 2 + 5*x**2. Give h(-6).
-2
Let q(h) be the third derivative of h**6/120 + 7*h**5/60 - h**4/24 - 8*h**3/3 + 2*h**2 + 53*h. Give q(-7).
-9
Let i(d) be the first derivative of -d + 5/4*d**4 - 1/3*d**3 + d**2 + 22. What is i(1)?
5
Let f be 3/(-1)*8/24. Let m = -6 - f. Let x(b) = 2*b + 4. Determine x(m).
-6
Let h be (11 + -10)/((-2)/6). Let w(g) = g**3 + g**2 - 5*g - 2. Give w(h).
-5
Let z(q) = -19*q**3 + 2*q**2 + 18*q**3 - 2 + 2 - 2 + 4 + 5*q. What is z(3)?
8
Let g = 7 - 3. Suppose 9*r = g*r + 5. Let f(n) = 0*n - n + n**2 - r + 0. What is f(-2)?
5
Let c be (-42)/(-5)*(-90)/27. Let z = c - -51. Let h = z + -17. Let q(d) = -d + 6. Give q(h).
0
Let r(g) = -7*g**3 - 5*g**2 + 11*g + 9. Let v(p) = 9*p**3 + 6*p**2 - 12*p - 10. Let m(w) = 4*r(w) + 3*v(w). What is m(-4)?
6
Let n(t) = -t**3 - 3*t**2 - 4*t. Let u(b) = -4*b**2 - 5*b. Let g(a) = -5*n(a) + 4*u(a). Give g(1).
4
Let v(p) be the third derivative of -p**5/60 - p**3/6 + 305*p**2. Give v(-1).
-2
Suppose 0 = -2*y + 14*y - 180. Let u = -9 + y. Let r(t) = -t + 7. Determine r(u).
1
Let y(n) be the third derivative of n**5/60 - 7*n**4/24 + n**3/2 + 25*n**2. Let w = -8 - -13. Determine y(w).
-7
Let d(h) = -h**2 + 13*h - 8. Let s = 29 + -14. Let q be (3/(-2))/(s/(-120)). Let n be d(q). Let o(r) = r**2 - 2*r - 2. Calculate o(n).
6
Let f(k) be the third derivative of -2/3*k**3 + 1/120*k**6 - 9*k**2 + 0*k + 0 - 1/15*k**5 + 1/8*k**4. Let p(b) = -b**2 - 5*b + 4. Let o be p(-5). What is f(o)?
8
Let k(w) = -w**2 - 11*w - 15. Let r = 1732 + -1740. Give k(r).
9
Let a(f) = f + 22. Let u be (4 + -19)*6/6. Give a(u).
7
Let u(i) = -i - 15. Suppose 19 = 8*m + 91. Calculate u(m).
-6
Suppose -982 = -15*w + 188. Suppose -w = 5*f - 103. Let n(c) be the third derivative of -c**4/8 + c**3/2 - c**2. Determine n(f).
-12
Let h(g) = 7*g**3 - 5*g**2 + 2*g + 2. Let t(y) = -10*y**3 + 7*y**2 - 3*y - 3. Let s be (-13 - -16)*5/3. Let v(u) = s*t(u) + 7*h(u). Determine v(0).
-1
Let o = 30 - 18. Suppose -4 + o = 2*h. Let k(c) = -5*c**3 + 8*c**2 + 3*c - 1. Let b(q) = 4*q**3 - 7*q**2 - 2*q + 1. Let x(r) = -4*b(r) - 3*k(r). What is x(h)?
-5
Suppose -6 = 28*t - 26*t. Let s(q) = -3*q - 3. What is s(t)?
6
Let z(p) = p + 36. Let m be z(-32). Let k(v) = 4*v**3 - 3*v**3 + m*v**2 + 3 + 0*v**3 - 4*v - 7. Give k(-5).
-9
Suppose b - 3*d + 5*d + 16 = 0, 0 = b - 5*d - 19. Let f(k) be the third derivative of k**6/120 + k**5/12 - 7*k**4/24 - k**3/6 + k**2. What is f(b)?
5
Let h = 36 - 12. Let a(k) = k + 46 - 29 - h. What is a(4)?
-3
Let q(n) = -n**2 + 5*n + 6. Suppose 2*l - 7 + 1 = 0. Let v be 0 + 5*3/l. Give q(v).
6
Let h be (28/(-8) - -3)*-54. Suppose -2*g = 3*y + g - h, -5*y + 17 = -2*g. Let n(j) = j**2 + j**2 + 4*j - y + j**3 + 3*j**2. What is n(-4)?
-5
Let c(q) = 3*q - 1. Let w be c(-6). Let s = 13 + w. Let l(m) = -m**3 - 7*m**2 - 8*m - 9. Let t be l(s). Let x(g) = -g**2 + 3*g - 1. Determine x(t).
-1
Let i(g) = 4*g - 38. Let o(u) = -3*u + 26. Let f(y) = 5*i(y) + 7*o(y). Calculate f(14).
-22
Let x(k) = -2*k**2 - 3*k**2 - 14*k - 7 + 13*k. Let i be x(0). Let c(v) = v**3 + 6*v**2 - 7*v + 3. What is c(i)?
3
Let g(z) = -2*z**3 + 9*z**2 + 3*z + 2 + z**3 - 5*z**2. Calculate g(4).
14
Let z = 174 - 180. Let n(b) be the third derivative of b**4/8 + b**3 + 8*b**2. Give n(z).
-12
Suppose 3*i = 5*i - 2*g - 10, 20 = 4*i + g. Let s(w) be the first derivative of -7*w